{"id":11324,"date":"2023-08-09T15:14:29","date_gmt":"2023-08-09T13:14:29","guid":{"rendered":"https:\/\/dinobahn.de\/?page_id=11324"},"modified":"2023-08-09T16:47:20","modified_gmt":"2023-08-09T14:47:20","slug":"presse-2018","status":"publish","type":"page","link":"https:\/\/dinobahn.de\/index.php\/presse-2018\/","title":{"rendered":"Presse 2018"},"content":{"rendered":"\n<p>Um diese Artikel zu Lesen zu k\u00f6nnen ben\u00f6tigen Sie teilweise den Adobe Acrobat Reader.<br>Den k\u00f6nnen Sie unter <a rel=\"noreferrer noopener\" href=\"https:\/\/get.adobe.com\/de\/reader\/otherversions\" target=\"_blank\">https:\/\/get.adobe.com\/de\/reader\/otherversions<\/a> Downloaden. <\/p>\n\n\n\n<p>Offenbach-Post vom 06.08.2018 <a href=\"https:\/\/dinobahn.de\/wp-content\/uploads\/Dino-Eisenbahn-unermuedlich-fuer-krebskranke-Kinder-im-Einsatz.pdf\" data-type=\"attachment\" data-id=\"11323\" target=\"_blank\" rel=\"noreferrer noopener\">Dino-Eisenbahn unerm\u00fcdlich f\u00fcr krebskranke Kinder im Einsatz<\/a><\/p>\n","protected":false},"excerpt":{"rendered":"<p>Um diese Artikel zu Lesen zu k\u00f6nnen ben\u00f6tigen Sie teilweise den Adobe Acrobat Reader.Den k\u00f6nnen Sie unter https:\/\/get.adobe.com\/de\/reader\/otherversions Downloaden. Offenbach-Post<\/p>\n","protected":false},"author":1,"featured_media":0,"parent":0,"menu_order":0,"comment_status":"closed","ping_status":"closed","template":"","meta":{"ngg_post_thumbnail":0,"footnotes":""},"class_list":["post-11324","page","type-page","status-publish","hentry"],"_links":{"self":[{"href":"https:\/\/dinobahn.de\/index.php\/wp-json\/wp\/v2\/pages\/11324","targetHints":{"allow":["GET"]}}],"collection":[{"href":"https:\/\/dinobahn.de\/index.php\/wp-json\/wp\/v2\/pages"}],"about":[{"href":"https:\/\/dinobahn.de\/index.php\/wp-json\/wp\/v2\/types\/page"}],"author":[{"embeddable":true,"href":"https:\/\/dinobahn.de\/index.php\/wp-json\/wp\/v2\/users\/1"}],"replies":[{"embeddable":true,"href":"https:\/\/dinobahn.de\/index.php\/wp-json\/wp\/v2\/comments?post=11324"}],"version-history":[{"count":0,"href":"https:\/\/dinobahn.de\/index.php\/wp-json\/wp\/v2\/pages\/11324\/revisions"}],"wp:attachment":[{"href":"https:\/\/dinobahn.de\/index.php\/wp-json\/wp\/v2\/media?parent=11324"}],"curies":[{"name":"wp","href":"https:\/\/api.w.org\/{rel}","templated":true}]}}