{"id":10772,"date":"2023-08-05T12:19:31","date_gmt":"2023-08-05T10:19:31","guid":{"rendered":"https:\/\/dinobahn.de\/?page_id=10772"},"modified":"2023-08-10T19:22:20","modified_gmt":"2023-08-10T17:22:20","slug":"presse-2023","status":"publish","type":"page","link":"https:\/\/dinobahn.de\/index.php\/presse-2023\/","title":{"rendered":"Presse 2023"},"content":{"rendered":"\n<p>Um diese Artikel zu Lesen zu k\u00f6nnen ben\u00f6tigen Sie teilweise den Adobe Acrobat Reader.<br>Den k\u00f6nnen Sie unter <a rel=\"noreferrer noopener\" href=\"https:\/\/get.adobe.com\/de\/reader\/otherversions\" target=\"_blank\">https:\/\/get.adobe.com\/de\/reader\/otherversions<\/a> Downloaden. <\/p>\n\n\n\n<p>Stadtpost-Neu Isenburg 09.08.2023 <strong><a rel=\"noreferrer noopener\" href=\"https:\/\/dinobahn.de\/wp-content\/uploads\/SP-Gelungener-Start.pdf\" data-type=\"attachment\" data-id=\"11350\" target=\"_blank\">Gelungener Start in eine neue \u00c4ra<\/a><\/strong><\/p>\n\n\n\n<p>Offenbach-Post 07.08.2023 <a rel=\"noreferrer noopener\" href=\"https:\/\/dinobahn.de\/wp-content\/uploads\/GelungenerStart.pdf\" data-type=\"attachment\" data-id=\"11308\" target=\"_blank\">Gelungener Start in eine neue \u00c4ra<\/a> <\/p>\n\n\n\n<p>Offenbach-Post 29.03.2023 <a href=\"https:\/\/dinobahn.de\/wp-content\/uploads\/Dino-Eisenbahn-hat-eine-Zukunft.pdf\" data-type=\"attachment\" data-id=\"11331\" target=\"_blank\" rel=\"noreferrer noopener\">Dino-Eisenbahn hat eine Zukunft<\/a><\/p>\n\n\n\n<p>Stadpost 04.08.23023 <a rel=\"noreferrer noopener\" href=\"https:\/\/dinobahn.de\/wp-content\/uploads\/Stadtpost-04.08.23.pdf\" data-type=\"attachment\" data-id=\"10769\" target=\"_blank\">Dinofest mit viel Spa\u00df und Musik<\/a><\/p>\n","protected":false},"excerpt":{"rendered":"<p>Um diese Artikel zu Lesen zu k\u00f6nnen ben\u00f6tigen Sie teilweise den Adobe Acrobat Reader.Den k\u00f6nnen Sie unter https:\/\/get.adobe.com\/de\/reader\/otherversions Downloaden. Stadtpost-Neu<\/p>\n","protected":false},"author":1,"featured_media":0,"parent":0,"menu_order":0,"comment_status":"closed","ping_status":"closed","template":"","meta":{"ngg_post_thumbnail":0,"footnotes":""},"class_list":["post-10772","page","type-page","status-publish","hentry"],"_links":{"self":[{"href":"https:\/\/dinobahn.de\/index.php\/wp-json\/wp\/v2\/pages\/10772","targetHints":{"allow":["GET"]}}],"collection":[{"href":"https:\/\/dinobahn.de\/index.php\/wp-json\/wp\/v2\/pages"}],"about":[{"href":"https:\/\/dinobahn.de\/index.php\/wp-json\/wp\/v2\/types\/page"}],"author":[{"embeddable":true,"href":"https:\/\/dinobahn.de\/index.php\/wp-json\/wp\/v2\/users\/1"}],"replies":[{"embeddable":true,"href":"https:\/\/dinobahn.de\/index.php\/wp-json\/wp\/v2\/comments?post=10772"}],"version-history":[{"count":0,"href":"https:\/\/dinobahn.de\/index.php\/wp-json\/wp\/v2\/pages\/10772\/revisions"}],"wp:attachment":[{"href":"https:\/\/dinobahn.de\/index.php\/wp-json\/wp\/v2\/media?parent=10772"}],"curies":[{"name":"wp","href":"https:\/\/api.w.org\/{rel}","templated":true}]}}